{"id":132,"date":"2023-01-03T19:49:03","date_gmt":"2023-01-03T19:49:03","guid":{"rendered":"https:\/\/dimitrust.org\/?page_id=132"},"modified":"2023-01-03T19:49:03","modified_gmt":"2023-01-03T19:49:03","slug":"dr-george-pirwoth-atido-drc-congo","status":"publish","type":"page","link":"https:\/\/dimitrust.org\/?page_id=132","title":{"rendered":"Dr. George Pirwoth Atido (DRC Congo)"},"content":{"rendered":"\n<figure class=\"wp-block-image size-full\"><img loading=\"lazy\" decoding=\"async\" width=\"555\" height=\"534\" src=\"https:\/\/dimitrust.org\/wp-content\/uploads\/2023\/01\/image-7.png\" alt=\"\" class=\"wp-image-163\"\/><figcaption class=\"wp-element-caption\"><strong>Dr. George Pirwoth Atido<\/strong><\/figcaption><\/figure>\n\n\n\n<ul class=\"wp-block-list\">\n<li>Vice Chancellor\/President President of Universit\u00e9 Shalom de Bunia, Bunia (USB)<\/li>\n\n\n\n<li>Professor of Missiology and world Christianity at the Universit\u00e9 Shalom de Bunia (DRC Congo)<\/li>\n\n\n\n<li>President of the R\u00e9seau \u00c9vang\u00e9lique de Missiologues pour la Francophonie (REMIF)<\/li>\n\n\n\n<li>Langham Scholar<\/li>\n\n\n\n<li>Facilitator at Development Associate International (DAI) in Francophone Africa,<\/li>\n\n\n\n<li>Founder, Rehema Ministry Congo.<\/li>\n\n\n\n<li>Chairman, Cours d\u2019Orientation Missionnelle en Afrique Francophone (COMAF)<\/li>\n\n\n\n<li>Editor Board Member of theLausanne Global Analysis<\/li>\n\n\n\n<li>Member of the Strategic Plan Monitoring and Evaluation Committee of the Association for Christian Theological Education in Africa (ACTEA)<\/li>\n\n\n\n<li>Diploma in Education, \u201cInstitut d\u2019Aungba\u201d, D.R.Congo<\/li>\n\n\n\n<li>Bachelor of Education in French and African Linguistics, \u201cInstitut Sup\u00e9rieur P\u00e9dagogique de Bunia\u201d, D.R. Congo.&nbsp;<\/li>\n\n\n\n<li>Master of Education in French, \u201cInstitut Sup\u00e9rieur P\u00e9dagogique de Bunia,\u201d D.R, Congo<\/li>\n\n\n\n<li>Master of Art in Missions, Nairobi International School of Theology, Kenya<\/li>\n\n\n\n<li>Master of Theology in World Christianity, Africa International University<\/li>\n\n\n\n<li>Postgraduate Study Visit, Edinburgh University, Scotland UK, Centre for Studies of World Christianity<\/li>\n\n\n\n<li>PhD (World Christianity), Africa International University, Kenya.<\/li>\n<\/ul>\n","protected":false},"excerpt":{"rendered":"","protected":false},"author":1,"featured_media":0,"parent":0,"menu_order":0,"comment_status":"closed","ping_status":"closed","template":"","meta":{"footnotes":""},"class_list":["post-132","page","type-page","status-publish","hentry"],"_links":{"self":[{"href":"https:\/\/dimitrust.org\/index.php?rest_route=\/wp\/v2\/pages\/132","targetHints":{"allow":["GET"]}}],"collection":[{"href":"https:\/\/dimitrust.org\/index.php?rest_route=\/wp\/v2\/pages"}],"about":[{"href":"https:\/\/dimitrust.org\/index.php?rest_route=\/wp\/v2\/types\/page"}],"author":[{"embeddable":true,"href":"https:\/\/dimitrust.org\/index.php?rest_route=\/wp\/v2\/users\/1"}],"replies":[{"embeddable":true,"href":"https:\/\/dimitrust.org\/index.php?rest_route=%2Fwp%2Fv2%2Fcomments&post=132"}],"version-history":[{"count":1,"href":"https:\/\/dimitrust.org\/index.php?rest_route=\/wp\/v2\/pages\/132\/revisions"}],"predecessor-version":[{"id":164,"href":"https:\/\/dimitrust.org\/index.php?rest_route=\/wp\/v2\/pages\/132\/revisions\/164"}],"wp:attachment":[{"href":"https:\/\/dimitrust.org\/index.php?rest_route=%2Fwp%2Fv2%2Fmedia&parent=132"}],"curies":[{"name":"wp","href":"https:\/\/api.w.org\/{rel}","templated":true}]}}